and 138898.
74
Calculate the highest common divisor of 360888 and 648.
24
Calculate the highest common factor of 3222286 and 722.
722
Calculate the greatest common factor of 76174 and 14.
14
What is the greatest common factor of 138 and 220938?
138
What is the highest common factor of 77666 and 14?
2
Calculate the highest common divisor of 7695 and 2160.
135
What is the greatest common divisor of 89 and 822449?
89
Calculate the greatest common factor of 87074 and 289.
17
What is the highest common divisor of 124406 and 34?
34
Calculate the greatest common factor of 10 and 724245.
5
Calculate the greatest common factor of 23515 and 10.
5
What is the greatest common factor of 9128 and 7882?
14
What is the highest common factor of 192 and 122832?
48
Calculate the greatest common divisor of 294516 and 252.
36
What is the highest common divisor of 250401 and 382?
191
What is the highest common divisor of 7304 and 238744?
88
What is the highest common factor of 856 and 2839031?
107
Calculate the highest common factor of 38 and 62833.
19
What is the greatest common factor of 83640 and 200?
40
What is the highest common factor of 278 and 112729?
139
What is the highest common factor of 5731 and 2431?
11
Calculate the greatest common divisor of 14516 and 133.
19
What is the greatest common divisor of 1379224 and 176?
88
What is the highest common factor of 146 and 269005?
73
Calculate the greatest common factor of 494 and 1052714.
494
What is the greatest common divisor of 1890 and 140490?
630
Calculate the greatest common factor of 4408 and 18088.
152
Calculate the greatest common factor of 3444 and 6356.
28
Calculate the greatest common divisor of 245 and 6550.
5
Calculate the highest common divisor of 8894 and 2.
2
Calculate the greatest common divisor of 3977 and 7663.
97
What is the highest common factor of 2 and 7951?
1
Calculate the highest common factor of 128200 and 37178.
1282
What is the greatest common factor of 15526 and 350?
14
What is the highest common factor of 105 and 1540791?
21
What is the highest common factor of 405 and 249885?
405
Calculate the highest common divisor of 66 and 93159.
33
What is the greatest common factor of 1477 and 2?
1
What is the greatest common factor of 108904 and 136?
8
What is the highest common divisor of 152656 and 987?
329
Calculate the greatest common divisor of 474 and 624.
6
What is the highest common divisor of 1840879 and 17?
17
What is the greatest common factor of 95 and 471995?
5
What is the highest common factor of 817 and 2639727?
817
What is the highest common factor of 2871 and 14036?
319
Calculate the greatest common factor of 3 and 12333.
3
What is the highest common divisor of 61650 and 315?
45
Calculate the greatest common factor of 5180 and 666.
74
What is the greatest common divisor of 2134944 and 1456?
112
Calculate the greatest common factor of 10 and 354890.
10
Calculate the highest common divisor of 101 and 151702.
101
Calculate the highest common factor of 51 and 69530.
17
Calculate the highest common factor of 68120 and 200.
40
Calculate the greatest common divisor of 59 and 37701.
59
Calculate the greatest common divisor of 1338311 and 338.
169
Calculate the highest common divisor of 16 and 680072.
8
Calculate the greatest common factor of 860 and 19440.
20
Calculate the highest common divisor of 622 and 54.
2
Calculate the greatest common factor of 39811 and 342763.
971
Calculate the highest common factor of 67233 and 1095.
219
Calculate the highest common factor of 464 and 28077104.
464
What is the greatest common divisor of 1161 and 56416?
43
Calculate the greatest common factor of 60 and 34890.
30
What is the greatest common factor of 192 and 315968?
64
Calculate the greatest common factor of 112970 and 2470.
130
What is the highest common divisor of 40 and 3968350?
10
What is the greatest common divisor of 1330860 and 180?
60
Calculate the greatest common factor of 107 and 195275.
107
Calculate the highest common divisor of 156 and 89778.
78
Calculate the greatest common divisor of 13209 and 6426.
357
Calculate the greatest common factor of 11363 and 24792.
1033
What is the greatest common factor of 258 and 115554?
6
What is the highest common divisor of 245 and 6370?
245
Calculate the highest common factor of 4503 and 131298.
237
Calculate the greatest common divisor of 84 and 51828.
84
What is the highest common factor of 14304 and 7599?
447
What is the highest common factor of 992611 and 721?
103
Calculate the highest common factor of 5006727 and 297.
99
Calculate the greatest common factor of 200192 and 23.
23
What is the greatest common factor of 1484 and 5306?
14
Calculate the highest common factor of 2170317 and 3.
3
Calculate the highest common factor of 1397 and 781.
11
What is the highest common divisor of 12192 and 108?
12
Calculate the highest common factor of 35850 and 3824.
478
Calculate the greatest common factor of 62125 and 7.
7
Calculate the greatest common divisor of 72 and 114732.
36
What is the highest common factor of 897142 and 38?
38
What is the highest common divisor of 520524 and 1368?
684
What is the highest common divisor of 1206 and 1314?
18
Calculate the greatest common factor of 622 and 42.
2
Calculate the highest common factor of 1128571 and 103.
103
Calculate the highest common divisor of 848798 and 778.
778
Calculate the highest common divisor of 13 and 475592.
13
What is the greatest common factor of 297 and 477?
9
Calculate the greatest common factor of 81 and 1671921.
81
Calculate the highest common divisor of 138 and 347898.
138
Calculate the greatest common factor of 294561 and 207.
207
What is the greatest common divisor of 459 and 3450303?
459
Calculate the greatest common factor of 7512 and 336.
24
What is the greatest common divisor of 11442 and 354?
6
What is the greatest common divisor of 6650 and 11200?
350
Calculate the highest common divisor of 165360 and 944.
16
What is the highest common divisor of 5319600 and 360?
120
Calculate the greatest common factor of 30160 and 416.
208
Calculate the greatest common factor of 5334 and 133.
7
Calculate the greatest common divisor of 606910 and 11645.
685
What is the highest common divisor of 129 and 105522?
129
What is the greatest common divisor of 2058 and 198996?
42
Calculate the highest common divisor of 204152 and 416.
104
What is the greatest common divisor of 1419 and 14577?
129
Calculate the highest common factor of 474 and 354.
6
What is the greatest common divisor of 69106 and 10?
2
What is the greatest common factor of 309230 and 80?
10
Calculate the greatest common factor of 15280 and 71320.
40
What is the highest common divisor of 1820 and 6524?
28
Calculate the greatest common factor of 19 and 504241.
19
What is the highest common factor of 250 and 875?
125
Calculate the highest common factor of 2204520 and 3.
3
What is the greatest common factor of 12848542 and 14?
14
Calculate the greatest common divisor of 392 and 70504.
56
What is the highest common factor of 619443 and 297?
99
What is the highest common factor of 4455 and 4725?
135
What is the greatest common divisor of 39346 and 206?
206
Calculate the highest common factor of 1293 and 291.
3
Calculate the greatest common divisor of 126 and 15477.
21
Calculate the highest common divisor of 5 and 285085.
5
Calculate the highest common divisor of 545 and 725395.
545
What is the greatest common divisor of 64 and 439024?
16
Calculate the greatest common factor of 13 and 54314.
13
What is the greatest common factor of 21547 and 116?
29
Calculate the greatest common factor of 134 and 103046.
134
What is the greatest common divisor of 143444 and 756?
28
What is the greatest common divisor of 50 and 1572590?
10
Calculate the highest common factor of 30042 and 558.
18
Calculate the highest common factor of 2356 and 1748.
76
Calculate the greatest common divisor of 63168 and 282.
282
Calculate the greatest common factor of 96430 and 20.
10
What is the greatest common factor of 2625 and 30435?
15
Calculate the highest common divisor of 81 and 2109429.
27
What is the highest common factor of 27 and 449784?
9
What is the highest common divisor of 1150677 and 2?
1
Calculate the greatest common divisor of 36 and 39012.
12
What